 p = -931 + 1608. Is p a composite number?
False
Suppose 0 = -5*z + z + 4*x + 94864, z + 5*x = 23698. Is z composite?
True
Is -5 - (-17)/(68/10992) prime?
False
Let b = 55 - 55. Suppose b = -6*r + 1800 + 3714. Is r a prime number?
True
Let y(v) = -47*v + 33. Let b(j) = -2*j - 22. Let c be b(-7). Is y(c) prime?
True
Suppose 2*d - 4 = -4*q - 12, 0 = -5*d - 3*q - 6. Let b be -3 + (d - (0 + -3)). Is (-9)/(36/(-40)) - b a composite number?
True
Let w(u) = -2*u**2 + 3*u**3 + 13*u**2 - 7*u + 6 - 2*u**3. Let p be -13 + -1 - -5 - -2. Is w(p) a composite number?
False
Let x be -2*((-3775)/10 + 3). Let m = x + 402. Is m composite?
False
Let s = 10 + -12. Let d(v) = 1957*v**2 + v + 4. Let m be d(s). Suppose -m + 1375 = -5*n. Is n a prime number?
True
Suppose -2*i - 2*i - 3*l + 96 = 0, i - 3*l - 9 = 0. Is (-269)/(3 - (-3)/(i/(-22))) a prime number?
False
Suppose 0 = 4*i + 21 - 1, 0 = m - i - 1. Let x(o) = -12*o**3 - 10*o**2 + 7*o + 7. Is x(m) a prime number?
True
Suppose 6*i = -0*i + 12. Suppose 5*a + i*j + 1988 = a, -j + 4 = 0. Let d = -192 - a. Is d prime?
True
Let y(c) = 45*c + 1. Let i(b) = b**3 - 2*b**2 + b. Let a be i(2). Is y(a) a composite number?
True
Is (-14)/175 - 21468*(-28)/50 composite?
True
Suppose 0*t - 15*t = -483765. Is t prime?
True
Suppose q = 4*c - 10574, 4*q = -4*c + 8*q + 10580. Is c a prime number?
False
Is 28/(-112) + 30570/8 a composite number?
False
Let u(f) = -f**3. Let c(b) = 6*b**3 + 9*b + 25. Let q(t) = c(t) + 2*u(t). Is q(6) prime?
False
Let z(u) = 19*u**2 + 9*u - 19. Is z(-9) a prime number?
True
Let l(w) be the first derivative of w**6/360 + w**5/120 - 5*w**4/24 - w**3/3 + 1. Let c(k) be the third derivative of l(k). Is c(-7) a prime number?
True
Let g = -38 - -43. Suppose -1373 = -b + w + 2*w, -g*w = -3*b + 4103. Is b a prime number?
True
Let d(t) = t**3 + 5*t**2 + 3*t - 9. Let y be d(-8). Let n = 413 + y. Suppose -4*i = -8*i + n. Is i a composite number?
False
Let o(y) = 1049*y**2 + 17*y - 68. Is o(6) composite?
True
Let q(u) = 631*u**2 - u + 1. Let f be -3 - (-20)/6 - 4/(-6). Is q(f) a composite number?
False
Let y(x) = -26*x**3 - x**2 + 4*x + 2. Suppose 3*k - 5 = -2, -2*j = k + 5. Is y(j) prime?
True
Suppose 2*t - 2*g - 499 = 2303, 3*t = 2*g + 4205. Let r(m) = 3*m**3 - 6*m**2 + m + 8. Let b be r(5). Suppose b = -k + t. Is k composite?
True
Suppose 45 - 12 = -3*w. Let o(h) = 2*h**2 + 7*h - 2. Is o(w) composite?
False
Suppose -12*f + 2878 = -10*f. Is f a composite number?
False
Let o = 20 - 15. Is (-13 + 0)*(-6 + o) a prime number?
True
Suppose -2*u = -3*o + 2*u - 94, -2 = -2*u. Is (-4)/o + (-23915)/(-75) composite?
True
Let s be (-12)/((2 + (-4)/(-4))/(-2)). Let j(q) = 30*q + 22. Is j(s) composite?
True
Let b = -1 - -5. Suppose -n - 13 = 2*f, -b*f + 23 = -5*f + 5*n. Let p(s) = -s**3 - 8*s**2 - 7*s - 3. Is p(f) a composite number?
False
Let a = -123 - -152. Suppose 0 = -2*p - 22 + 84. Suppose a*b = p*b - 298. Is b a prime number?
True
Is -9 + 14 - 11398*-3 composite?
True
Let d(u) = 341*u**2 - 4*u - 1. Suppose -1 = 2*o - 5. Is d(o) a composite number?
True
Is (5 - -11987) + -3 - -6 composite?
True
Suppose 15*m = 19*m - 24. Is (16/(-40))/(m/(-1455)) a prime number?
True
Let x(a) = -7*a**3 - a**2 + a + 1. Let b = -19 + -3. Let q = -25 - b. Is x(q) prime?
False
Let z = -2354 + 3897. Is z prime?
True
Let b(r) = -r**3 - 12*r**2 - 10*r - 7. Let p(j) = -j**2 + 2*j - 2. Let n be p(4). Let x be b(n). Let i = 332 - x. Is i prime?
True
Let b = 31151 - 10720. Is b a prime number?
True
Let z be (10728/(-27))/((-4)/18). Suppose 3*j = -j + z. Is j prime?
False
Suppose 0*b - 4*b + 1 = -y, 3*y = -b - 16. Let w(o) = -603*o**2 - 1. Let n be w(b). Let i = -251 - n. Is i composite?
False
Let v(c) = c**2 - 13*c + 1. Let j be v(13). Is j + 2 + 852/9*21 a prime number?
False
Suppose 1687 = -3*y - 5*r + 6321, 3*y - 4628 = r. Is y composite?
False
Let u(d) = 3*d - 12. Let l be u(7). Is l/27*291/1 composite?
False
Suppose 4*m + 4 = y - 12, -4*y = -2*m - 36. Let i = 87 + y. Let a = i + -10. Is a a prime number?
False
Suppose -95*c + 98*c = 133317. Is c a composite number?
True
Let f = 5 - 0. Let i(d) = 24*d**3 + 3 - 7*d**2 - 4 - 20*d**3 - d. Is i(f) a composite number?
True
Suppose -3*a = -6, 2*p + a = -0*p + 4408. Is p prime?
True
Let f = -94 + 99. Suppose -4*u + 4*i + 4867 = -3929, 3*i - 10963 = -f*u. Is u a composite number?
True
Let a = 661 - -804. Is a a composite number?
True
Suppose -22 = -4*s + 2*p, 2*s - 4*p = -0*s + 2. Suppose -s*m = -m - 1194. Is m prime?
True
Suppose -5*x = -x - 376. Let d = x - 63. Suppose 444 = k + d. Is k a composite number?
True
Let k(w) = 29*w**2 - w + 1. Let t = 1 + -3. Is k(t) composite?
True
Suppose 1528 = -4*g + 2*g. Let c = 1313 + g. Let u = -328 + c. Is u a prime number?
False
Let r(k) = -20*k**2 - 4. Let m be r(-7). Let l = -503 - m. Is l prime?
False
Is 1/(6/(64525 + -7)) a prime number?
True
Suppose -348 = -3*h + c, 2*h - 4*h = -c - 233. Let i be (-6)/2*20/(-15). Suppose -3*y + i*k = -331, k = -0*y - y + h. Is y a composite number?
False
Suppose -2*o = 9 - 5. Is (-2 - o)*1 + (-1 - -414) a composite number?
True
Let a = 24 - 17. Suppose -a*p = 3*p - 2630. Is p a composite number?
False
Is (10 - (-1524)/20)/(2/130) a prime number?
False
Suppose -3*m + 11771 = 338. Is m a composite number?
True
Let v(c) = -c**2 + c - 1. Let r(i) = -i**2 - 15*i. Let t(m) = 2*m + 7. Let u be t(-4). Let b(d) = u*r(d) - 3*v(d). Is b(-7) prime?
False
Let q = -1321 - -7302. Is q composite?
False
Let h(r) = r - 8. Let b be h(0). Let a = b - -10. Suppose 3*s - 2*s = -2*d + 2621, -a*s + 5212 = -2*d. Is s a composite number?
True
Let h(p) = p + 9. Let c be h(-7). Suppose -2*z - 4*s + 24 = 0, -11 = -4*z + c*s - 3. Suppose -z*b + 5*l = -849, -l - 50 = -b + 162. Is b a prime number?
True
Let o(n) = -28*n. Let f be o(-5). Let r = 51 - -260. Let s = f + r. Is s prime?
False
Suppose -4*k - 13 - 19 = 0. Let q(x) = -48*x - 3. Is q(k) composite?
True
Let p be (-6 - (-8)/2) + 54. Suppose p*a - 1655 = 47*a. Is a a composite number?
False
Let s(i) = -1677*i - 304. Is s(-11) prime?
True
Suppose -3*n = -3*z + 33 + 21, 5*n = z - 106. Let y = -17 - n. Suppose -4*l + 19 = -1, -y*x = -2*l - 165. Is x composite?
True
Let s(d) = -d**2 + 9*d - 10. Let m be s(7). Suppose -4*b + m = 0, -2*u + 3*u - 5*b = 518. Suppose u = 2*a + 117. Is a a composite number?
True
Suppose 68509 = -11*y + 225831. Is y prime?
False
Let s(b) = b - 18. Let c be s(20). Is 710/4 + ((-7)/c - -3) prime?
False
Let j be 10/(3*(-8)/(-36)). Let x(h) = -h**3 + 16*h**2 - 14*h - 15. Let w be x(j). Suppose w = -l - 3*l + 332. Is l prime?
True
Suppose 2*d = -5*g + 57, -d + 5*g = -2*d + 41. Suppose 3*p = -p + d. Suppose -p*i = -3*i - 787. Is i prime?
True
Suppose 6*o + 1 = -q + 4*o, -q = -3*o + 26. Let r(k) = 2*k**2 - 9*k - 4. Let a(c) = c**2 - 8*c - 3. Let g(d) = -4*a(d) + 3*r(d). Is g(q) a composite number?
True
Let n be (10/(-6))/((-1)/(-6)). Let x be n/(-15)*(-6)/(-1). Suppose x*u = p - 0*p + 2164, 0 = -3*u + 3*p + 1623. Is u composite?
False
Let q = -26401 + 41622. Is q composite?
True
Suppose 0 = x - t - 2774, 0*t + t = -3*x + 8326. Suppose 13*w - 12*w - x = 0. Is -3*(w/(-9))/5 composite?
True
Let c be (-663)/(-21) - 18/(-42). Let p = -35 + c. Is -2 - (-126 + p + 0) composite?
False
Let c be 1 - (1 - (0 - -2)). Let f(w) = -2*w + 21*w**c + 4 + 0*w + 6*w - 1. Is f(-2) prime?
True
Let z(f) = f**3 + f**2 - 2*f + 2. Let h be z(-2). Suppose h*b = -2*y - 4 - 2, -5*b + 4*y = -30. Is 14*(b - (-988)/8) a composite number?
True
Let o = -11172 + 22741. Is o prime?
False
Let r(h) = -92*h - 177. Is r(-22) a composite number?
False
Suppose -4*b + 106282 = 2*m, 4*m + 53126 = b + b. Is b composite?
True
Let x(k) be the first derivative of k**4/2 + k**3/3 - 2*k**2 - 13*k + 12. Is x(8) prime?
False
Let v(h) = h**2 - 16*h - 11. Let t be v(17). Let d(c) = 11*c**2 + 11*c - 13. Is d(t) a composite number?
False
Is 24/(-6)*736455/(-60) prime?
False
Let o(n) = -n**2 + 8*n + 4. Let b be o(8). Suppose 3*z = b*i + 473, z - i = 6*z - 819. Suppose -2*j + 8 = 0, 127 = 2*d + 2*j - z. Is d a prime number?
False
Let b(r) = 109*r + 44. Let x be b(13). Let j = -728 + x. Is j a prime number?
True
Let c = 5072 + -868. Suppose 3184 = 2*f + f + 4*j, 5*j + c = 4*f. Suppose -113 = -7*r + f. Is r composite?
False
Let l(a) = -8